 314150?
True
Does 151 divide 14818521?
False
Is 2 a factor of 2911513?
False
Is 14 a factor of 436758?
True
Is 41553 a multiple of 81?
True
Does 431 divide 545646?
True
Does 4 divide 729?
False
Is 275680 a multiple of 16?
True
Is 286 a factor of 13367354?
True
Is 351992 a multiple of 135?
False
Is 511475 a multiple of 41?
True
Is 447 a factor of 3473496?
False
Is 86 a factor of 297388?
True
Is 170266 a multiple of 56?
False
Is 63756 a multiple of 50?
False
Is 15 a factor of 15735?
True
Is 12 a factor of 20407?
False
Is 31 a factor of 258044?
True
Is 4755651 a multiple of 249?
True
Is 8 a factor of 18229?
False
Is 57 a factor of 463695?
True
Is 1618219 a multiple of 106?
False
Is 98 a factor of 304413?
False
Does 17 divide 232662?
True
Is 17 a factor of 6960514?
True
Is 504888 a multiple of 654?
True
Is 51380 a multiple of 276?
False
Does 59 divide 118?
True
Is 1234107 a multiple of 525?
False
Is 2 a factor of 163033?
False
Is 292609 a multiple of 90?
False
Is 176 a factor of 6173200?
True
Does 21 divide 6173475?
True
Does 80 divide 36914?
False
Is 1082916 a multiple of 2?
True
Is 173738 a multiple of 248?
False
Is 2 a factor of 2983?
False
Is 690448 a multiple of 293?
False
Is 5 a factor of 102278?
False
Is 582625 a multiple of 395?
True
Does 378 divide 75978?
True
Does 72 divide 3900744?
True
Is 16819 a multiple of 4?
False
Is 10 a factor of 14940?
True
Is 227940 a multiple of 263?
False
Is 2765 a factor of 20812155?
True
Is 401420 a multiple of 20?
True
Does 141 divide 3629199?
True
Does 9 divide 58358?
False
Does 23 divide 98693?
True
Is 9 a factor of 2333204?
False
Does 7 divide 101159?
False
Does 9 divide 127883?
False
Does 96 divide 3936?
True
Does 12 divide 1073500?
False
Is 109 a factor of 5004590?
False
Is 55096 a multiple of 97?
True
Does 209 divide 2361491?
True
Does 13 divide 13260?
True
Is 65 a factor of 5832114?
False
Is 15 a factor of 2648036?
False
Is 6 a factor of 1544609?
False
Is 82 a factor of 250096?
False
Is 143 a factor of 5325892?
True
Is 10 a factor of 7210?
True
Is 84842 a multiple of 14?
False
Is 50 a factor of 4850150?
True
Is 128 a factor of 615875?
False
Is 9 a factor of 5428184?
False
Is 305 a factor of 233935?
True
Is 262080 a multiple of 117?
True
Does 98 divide 53116?
True
Does 27 divide 5255848?
False
Does 14 divide 2811242?
True
Is 8 a factor of 592632?
True
Is 3 a factor of 827073?
True
Is 56 a factor of 167678?
False
Is 150 a factor of 21114?
False
Does 11 divide 566840?
False
Is 455598 a multiple of 547?
False
Is 230 a factor of 1491320?
True
Is 22464 a multiple of 17?
False
Is 189 a factor of 564441?
False
Is 17 a factor of 14055?
False
Is 3719397 a multiple of 92?
False
Is 5 a factor of 56468?
False
Does 21 divide 1771938?
True
Is 145 a factor of 89209?
False
Does 11 divide 222692?
False
Does 77 divide 342900?
False
Does 95 divide 63080?
True
Is 1834890 a multiple of 15?
True
Is 1609801 a multiple of 24?
False
Is 234347 a multiple of 529?
True
Is 756 a factor of 223020?
True
Is 122 a factor of 1069393?
False
Does 153 divide 170442?
True
Is 31738932 a multiple of 18?
True
Is 23 a factor of 297751?
False
Does 65 divide 144170?
True
Does 10 divide 124969?
False
Is 426777 a multiple of 403?
True
Does 115 divide 94695?
False
Does 88 divide 3882032?
True
Is 7218107 a multiple of 13?
True
Is 42 a factor of 573263?
False
Is 1391167 a multiple of 907?
False
Does 20 divide 4777676?
False
Is 59776 a multiple of 467?
True
Is 114 a factor of 353742?
True
Is 31 a factor of 189565?
True
Is 1226 a factor of 7168351?
False
Is 277 a factor of 7196737?
True
Is 564 a factor of 1653648?
True
Is 23 a factor of 418025?
True
Is 16 a factor of 1265739?
False
Does 6 divide 35531?
False
Does 10 divide 2383490?
True
Is 258948 a multiple of 36?
True
Is 7659809 a multiple of 107?
True
Does 52 divide 1427348?
True
Is 166597 a multiple of 571?
False
Is 209 a factor of 2232133?
False
Is 167 a factor of 11999?
False
Is 2500576 a multiple of 552?
False
Does 127 divide 282321?
True
Does 46 divide 3029422?
True
Is 116021 a multiple of 5?
False
Does 1747 divide 12597650?
False
Does 4 divide 7386116?
True
Does 24 divide 2683728?
True
Is 70922 a multiple of 22?
False
Is 5270736 a multiple of 24?
True
Does 61 divide 9204351?
True
Is 7 a factor of 376271?
True
Is 44 a factor of 9422813?
False
Does 10 divide 36910?
True
Does 152 divide 147440?
True
Does 578 divide 1516094?
True
Does 19 divide 4947751?
False
Is 196900 a multiple of 10?
True
Is 29 a factor of 368242?
True
Is 116 a factor of 251948?
False
Does 12 divide 174816?
True
Is 8555616 a multiple of 183?
True
Is 217 a factor of 622662?
False
Does 62 divide 676296?
True
Is 731 a factor of 1267668?
False
Is 1129953 a multiple of 353?
True
Does 235 divide 823332?
False
Is 62928 a multiple of 207?
True
Is 266938 a multiple of 46?
True
Is 10 a factor of 24490?
True
Is 16939460 a multiple of 297?
False
Is 37975 a multiple of 155?
True
Is 250274 a multiple of 95?
False
Is 770 a factor of 11064378?
False
Is 716901 a multiple of 20?
False
Does 8 divide 26498?
False
Does 200 divide 134382?
False
Is 47693 a multiple of 5?
False
Is 26620 a multiple of 110?
True
Is 357510 a multiple of 170?
True
Is 8 a factor of 772305?
False
Is 5039400 a multiple of 925?
True
Is 16 a factor of 357997?
False
Is 34650 a multiple of 21?
True
Is 463 a factor of 357414?
False
Is 28457 a multiple of 7?
False
Is 118 a factor of 167678?
True
Does 14 divide 163018?
False
Is 11 a factor of 357303?
False
Is 12313 a multiple of 38?
False
Is 7 a factor of 373282?
True
Is 202 a factor of 17865688?
True
Is 14 a factor of 255374?
True
Is 16 a factor of 66720?
True
Is 162 a factor of 79721?
False
Is 18 a factor of 22842?
True
Is 5 a factor of 5865?
True
Is 6361 even?
False
Does 53 divide 81567?
True
Is 7 a factor of 2142567?
True
Is 35394 a multiple of 17?
True
Does 23 divide 4925728?
False
Is 74 a factor of 71175?
False
Is 651068 a multiple of 98?
False
Is 257637 a multiple of 547?
True
Does 39 divide 3624738?
True
Does 192 divide 40896?
True
Does 113 divide 2132?
False
Is 10547389 a multiple of 812?
False
Does 11 divide 3182880?
False
Does 423 divide 1785641?
False
Is 1349854 a multiple of 11?
True
Is 64 a factor of 1764227?
False
Does 9 divide 4665642?
False
Does 126 divide 286641?
False
Does 38 divide 49102?
False
Does 4 divide 346483?
False
Is 18398380 a multiple of 19?
False
Does 3 divide 640469?
False
Is 35 a factor of 930904?
False
Is 2 a factor of 1884?
True
Does 109 divide 153799?
True
Is 24 a factor of 7790808?
True
Is 47 a factor of 21961737?
True
Is 18072 a multiple of 12?
True
Is 117257 a multiple of 60?
False
Is 1323080 a multiple of 341?
True
Is 101 a factor of 2142621?
False
Is 8589318 a multiple of 787?
True
Does 17 divide 2896948?
False
Is 41 a factor of 49856?
True
Is 107 a factor of 3186?
False
Does 22 divide 7313106?
False
Is 1038206 a multiple of 13?
True
Does 15 divide 3485999?
False
Does 104 divide 459888?
True
Is 422 a factor of 2017007?
False
Is 553974 a multiple of 34?
False
Is 1691936 a multiple of 4?
True
Is 27 a factor of 654133?
False
Does 28 divide 2581445?
False
Does 886 divide 894860?
True
Does 41 divide 13726718?
True
Does 38 divide 369626?
True
Is 6288505 a multiple of 19?
False
Does 105 divide 835800?
True
Is 25 a factor of 22934211?
False
Is 340 a factor of 519365?
False
Is 33 a factor of 23794?
False
Is 352 a factor of 2987745?
False
Is 26560 a multiple of 415?
True
Is 10706773 a multiple of 11?
True
Does 14 divide 86475?
False
Does 51 divide 164161?
False
Does 20 divide 1805340?
True
Does 315 divide 499323?
False
Is 3782617 a multiple of 11?
False
Is 158 a factor of 144246?
False
Does 132 divide 215999?
False
Is 3 a factor of 23698?
False
Is 38499 even?
False
Is 2878011 a multiple of 27?
True
Does 2 divide 70605?
False
Is 20730722 a multiple of 142?
True
Is 359 a factor of 1390944?
False
Is 1151261 a multiple of 353?
False
Is 76247 a multiple of 5?
False
Is 10659999 a multiple of 147?
True
Is 230243 a multiple of 13?
True
Does 104 divide 9728417?
False
Is 1453513 a multiple of 9?
False
Does 26 divide 67927?
False
Is 6 a factor of 9459?
False
Is 1692764 a multiple of 508?
False
Is 344981 a multiple of 486?
False
Is 522474 a multiple of 53?
True
Is 19 a factor of 1596659?
False
Does 18 divid